or of r and 15.
15
Let w(f) = -26*f + 52. Let p be w(2). Suppose 73*o = 2*u + 71*o - 466, o + 2 = p. Calculate the greatest common divisor of u and 14.
7
Let u = -541 + 1717. What is the greatest common divisor of 16 and u?
8
Suppose 25 = 5*q, -z + 3*q = -4*z - 78. Let p = z - -76. Suppose p = 6*v + 3*v. Calculate the greatest common factor of v and 15.
5
Let x(u) = 23*u**3 + u**2. Let g be x(1). Let j(k) = 95 - 59 + 112 - 2*k. Let a be j(-22). Calculate the highest common factor of a and g.
24
Suppose -2*m + 5311 = -3*k, 0 = -2*m - 2*m + 5*k + 10625. Let p be (4/10)/(19/m). Calculate the highest common divisor of 1008 and p.
56
Suppose 5*v + 2*a = 45, 5*v + 9*a - 30 = 10*a. Let g(f) = 7*f**2 - 9*f - 5. Let p be g(8). What is the greatest common divisor of v and p?
7
Suppose -5*g = -3*o - 2*g + 150, -4*g = 5*o - 286. Suppose 0 = -53*m + o*m - 64. What is the greatest common factor of 448 and m?
64
Let c(z) = z**3 + 8*z**2 - 14*z - 40. Let f be c(-9). Suppose r - 61 = -3*v + 186, 389 = f*v - 4*r. Calculate the greatest common divisor of v and 216.
27
Let j(f) = -2*f**3 - 4*f**2 - 12*f - 49. Let l be j(-4). Let o be l + (8 - (-24)/(-6)). Calculate the greatest common divisor of o and 469.
67
Let r be ((-1)/(-4)*48/10)/((-40)/(-5500)). What is the highest common divisor of r and 555?
15
Let r(m) = -m**3 + 10*m**2 - 2*m - 10. Let a = -10 + 18. Let h be r(a). Let c be h/4*(-2)/15*-10. Calculate the highest common divisor of c and 102.
34
Suppose 4*s = 16*q - 18*q + 358, -4*s = 3*q - 547. Suppose -8*m + 7*m = -54. Calculate the greatest common factor of m and q.
27
Let n be (-89)/((-18)/(-4)*(-5)/(-45)). Let k = n - -206. What is the greatest common factor of 168 and k?
28
Let m be 204/17 - (-57 - -6). What is the greatest common factor of 3129 and m?
21
Let j = -2728 + 5608. Calculate the highest common divisor of 90 and j.
90
Let u(k) = 987*k - 11250. Let m be u(21). Calculate the highest common factor of 78 and m.
39
Let j = 57 - -15. Let i = 73 - j. Let a(h) = 365*h - 2. Let b be a(i). What is the greatest common divisor of 33 and b?
33
Suppose 3*r - 2*r = -4*z + 15, r + 5*z = 17. Let d(j) = -j**3 + 8*j**2 + 21. Let w be d(r). What is the greatest common divisor of w and 56?
14
Let n = -494 + 492. Let f be -7*(-754)/91 + (-7 - n). What is the highest common factor of f and 159?
53
Suppose y - 14 = -3*l, 10*y = 8*y - 2*l + 16. Calculate the greatest common factor of y and 5065.
5
Suppose -266*q + 564396 = 6*q - 1058628. Calculate the greatest common factor of 765 and q.
153
Let k(d) = 52*d + 3110. Let a be k(-56). What is the greatest common factor of 144 and a?
18
Let l(m) = 8*m**3 + 2*m**2 - 6*m + 37. Let n be l(4). Let q = n + -139. Calculate the highest common divisor of 38 and q.
38
Let m(g) be the second derivative of g**5/20 + 7*g**4/12 + g**3 - 5*g**2/2 + 3*g + 12. Let p be m(-5). Calculate the greatest common factor of p and 9.
3
Suppose 18*a + 234600 = 55*a + 99*a. What is the highest common divisor of a and 92?
23
Let n be ((-196)/(-70) - 2)/(2/(-1145)). Let f = 978 + n. What is the greatest common divisor of f and 65?
65
Let l = 2997 + -2977. What is the highest common divisor of l and 2560?
20
Suppose -132 = 3*f - f. Let m = f - -131. What is the greatest common factor of m and 5?
5
Let i(g) = -121*g - 1582. Let z be i(-36). What is the highest common factor of z and 292?
146
Suppose 26 = p - 2*c, -3*p + 9*c = 8*c - 53. Suppose p*l = 19*l - 4*i - 131, 0 = 4*l - 5*i - 175. Calculate the greatest common factor of l and 315.
45
Let l(t) = 589*t**2 - 11*t**3 + 1 + 2*t - 591*t**2 - 4*t. Let b be l(-4). Let c be b/4 + (-9)/(-12). Calculate the highest common factor of c and 19.
19
Let v(n) = -2*n + 8*n + 6*n + 3 - 2*n. Let l be v(3). Let h be 14 - ((-4)/(-12))/(1/9). Calculate the highest common factor of h and l.
11
Suppose -2*g = 59 + 5. Let h(q) = -2*q**3 + 12*q**2 - 31*q + 107. Let i be h(5). Let j be (5/(-10))/(i/g). Calculate the highest common divisor of j and 32.
8
Let h be 3 + -8 - (341/(-22))/(3/102). What is the greatest common factor of h and 18?
18
Suppose -34 = 5*y - 144. Suppose -570 = -5*c - 4*h, 4*c - 3*c + h - 115 = 0. Calculate the greatest common divisor of c and y.
22
Suppose -4*h + 1021 + 818 = -5*g, 4*h - 1830 = 2*g. What is the greatest common factor of 432 and h?
24
Let g(v) = 2*v**2 - 8*v - 126. Let d be g(-7). What is the greatest common divisor of d and 315?
7
Suppose -4*q = -2*p - 3*p + 289, 59 = p - 2*q. Let x be 6/p - (0 + 2270/(-95)). What is the highest common factor of 56 and x?
8
Let j = 9067 - 7342. Calculate the greatest common divisor of 483 and j.
69
Let a(s) = 8*s**2 + 83*s + 223. Let f be a(-3). Calculate the highest common factor of f and 161.
23
Let b = -2619 - -2694. What is the greatest common factor of 1850 and b?
25
Suppose -2*m + d + 386 = 5*d, 0 = -4*m + 3*d + 717. Let h = m - 179. Calculate the highest common divisor of h and 44.
4
Let u(h) = 7*h**2 - 17*h - 296. Let d be u(-9). What is the highest common factor of d and 954?
106
Let m be 2/6*(29 + (-6)/3). Let g be 0 - 3 - (-6 + m/(-3)). What is the greatest common divisor of g and 3?
3
Let j = -12903 + 12959. What is the highest common factor of 1352 and j?
8
Suppose 222*h = 117*h + 115*h - 59840. Calculate the greatest common factor of h and 204.
68
Let v be ((-4)/(-6) - 4419/(-297)) + 162/(-297). What is the greatest common divisor of 55 and v?
5
Let z be ((-1)/2)/(2/(-64)). Let w be (-21 + 10 + -1)*-2. Calculate the highest common factor of z and w.
8
Let i be (215 + 37)/(4/4). Calculate the highest common factor of 48 and i.
12
Let x be (20/8 - 1)*(-28)/(-2). Suppose x*p = 17*p + 108. Calculate the greatest common divisor of p and 621.
27
Suppose 3*o = -64*o + 5159. Let v be 141/13 + (-4)/(-26). Calculate the greatest common divisor of v and o.
11
Let x(m) = 12*m**2 + 28*m - 233. Let z be x(8). What is the greatest common factor of z and 726?
33
Let t be (1077 - 1076)*((-190)/2)/(-1). What is the greatest common divisor of t and 5605?
95
Suppose 7*q - 5*q = -5*v + 26, 0 = 5*q + 4*v - 31. Suppose -q*p + 20 + 70 = 0. What is the highest common factor of 80 and p?
10
Suppose y - 8*y + 182 = 0. Suppose 13 = g + 5*k + 3, y = 5*g + k. Suppose -g*z = -z - 84. What is the greatest common divisor of z and 42?
21
Let j be (0/2)/(25 + -27). Suppose 3*g + 2*g - 5*h - 125 = j, 3*g - 67 = 5*h. What is the highest common factor of 1 and g?
1
Suppose g = 3*m + 6, -4*m = 10 + 10. Let q be ((-4)/6)/(g/15147*6). Calculate the greatest common divisor of q and 17.
17
Let a(y) = 15*y - 5. Let h be a(7). Let l = h - 103. Let c be -4 + -1 + 19 - l. What is the greatest common divisor of 17 and c?
17
Suppose 3*s = -53 + 35. Let o be (-2)/s - 29/(-3). Suppose 9*j = 4*j - o, -4*v - j = -2. Calculate the highest common divisor of v and 5.
1
Suppose -21*r = 33*r - 1944. Suppose r*a + 990 = 45*a. Calculate the greatest common divisor of a and 275.
55
Suppose 10*j - 337 - 323 = 0. What is the greatest common factor of j and 9174?
66
Suppose 99 = -7*o + 122 + 355. Calculate the highest common divisor of 8937 and o.
27
Suppose -2*b + t = -5, -5*b - 2*t + 26 = -0*t. Suppose -b*m - m = -45. Suppose -220*g + 8 = -212*g. What is the greatest common factor of m and g?
1
Let f(r) = r**3 - r**2 + r - 704. Let w be f(0). Let l = -442 - -458. Let u be l/(-144) - w/18. What is the highest common divisor of u and 13?
13
Let d = -134 - -144. Let b be 342/(-6)*(140/(-6))/7. Calculate the greatest common divisor of b and d.
10
Suppose 0 = 5*x - 466 - 29. Let v(d) = -d**3 - 3*d**2 - d - 9. Let q(g) = -4*g + 8. Let r be q(3). Let c be v(r). What is the greatest common factor of c and x?
11
Suppose -3*v + 888 = -3*z, -4*v + 3*z + 228 + 954 = 0. What is the greatest common divisor of v and 35?
7
Let i = 0 + 8. Let s(c) = -6*c**2 - 3 - 5*c**3 + 23 + 6*c**3 + 0 - 11*c. Let v be s(i). What is the highest common divisor of v and 12?
12
Let d = 27 + -21. Let f(x) = x**2 - 7*x + 9. Let q be f(d). Suppose -13 + 16 = q*g. Calculate the highest common factor of 5 and g.
1
Let y(r) be the second derivative of r**5/10 + 13*r**4/6 - 61*r**3/6 - 21*r**2/2 - 35*r - 2. Let b be y(-14). What is the highest common factor of b and 189?
63
Suppose -b + 229 + 23 = 0. Let j = -150 + b. Suppose j*o - 